t is 1001011 + 101?
1010000
In base 2, what is 101 + -1000010111?
-1000010010
In base 8, what is -3 - 75?
-100
In base 15, what is -60 + 1?
-5e
In base 16, what is 151 + 4?
155
In base 16, what is -29 - 0?
-29
In base 6, what is 333 + -2?
331
In base 7, what is 53 - -252?
335
In base 3, what is 1101010 + -12?
1100221
In base 7, what is -230 - 35?
-265
In base 9, what is 1 - 12?
-11
In base 7, what is -315 + -2?
-320
In base 6, what is -101013 + 3?
-101010
In base 6, what is -1 - 15?
-20
In base 6, what is 3 - 234?
-231
In base 7, what is -112 - -206?
64
In base 7, what is -23161 - -2?
-23156
In base 8, what is 4 + 1307?
1313
In base 15, what is 17 - -e?
26
In base 6, what is -1 + -2102?
-2103
In base 12, what is -6a + 4?
-66
In base 2, what is -1001011101 - -101?
-1001011000
In base 12, what is 0 + -2aa4?
-2aa4
In base 12, what is -16 - -436?
420
In base 11, what is -3494 + 0?
-3494
In base 7, what is -4 - -255?
251
In base 4, what is 10 + -1201211?
-1201201
In base 7, what is 33 + 54?
120
In base 11, what is -5a5 - 0?
-5a5
In base 16, what is 41c - 0?
41c
In base 10, what is 698 - -39?
737
In base 10, what is 175 - 5?
170
In base 13, what is -3 - -215?
212
In base 2, what is -111011101 + -11?
-111100000
In base 3, what is -10102 - 21?
-10200
In base 4, what is -133122 - 3?
-133131
In base 7, what is -12 - -14?
2
In base 14, what is -3 + 36?
33
In base 4, what is -332 - 230?
-1222
In base 5, what is 3 + -2240?
-2232
In base 13, what is 1 + 628?
629
In base 16, what is -b + 114?
109
In base 16, what is -59 - 56?
-af
In base 9, what is 1 + 544?
545
In base 14, what is 2c - -1?
2d
In base 4, what is 222101 + -1?
222100
In base 4, what is 1 - 311?
-310
In base 10, what is -118 + 4?
-114
In base 8, what is -304 + 15?
-267
In base 16, what is -596 - -5?
-591
In base 2, what is -100011 - -10010?
-10001
In base 8, what is -4 - 65?
-71
In base 7, what is -436 + 2?
-434
In base 8, what is -1410 + -2?
-1412
In base 13, what is 0 - 642?
-642
In base 13, what is 0 - 3a7?
-3a7
In base 15, what is -40 + -3c?
-7c
In base 13, what is -81 - 34?
-b5
In base 8, what is -1211 + -11?
-1222
In base 15, what is -14 - -26d?
259
In base 13, what is -57 + -15?
-6c
In base 13, what is -2 + 11?
c
In base 7, what is 41 - -212?
253
In base 8, what is 7 + 547?
556
In base 14, what is -74 - 22?
-96
In base 13, what is -17 + -4?
-1b
In base 5, what is 3 + 23421?
23424
In base 2, what is -1000 + -11101010010?
-11101011010
In base 5, what is -22 - 12441?
-13013
In base 3, what is 12 + 21001?
21020
In base 10, what is 426 - -3?
429
In base 3, what is 20 - 1000001?
-222211
In base 8, what is -30 + 12?
-16
In base 16, what is -69 + -2e?
-97
In base 12, what is 0 + -5b?
-5b
In base 8, what is -4 - -224?
220
In base 9, what is 4 + -46?
-42
In base 2, what is -10101 - 101?
-11010
In base 3, what is -1101 + 120?
-211
In base 13, what is -5 + 13?
b
In base 3, what is -20110 - 0?
-20110
In base 11, what is -2125 + 5?
-2120
In base 7, what is -2613 + 4?
-2606
In base 6, what is 53 + 3?
100
In base 7, what is -41 - 105?
-146
In base 12, what is -1 + 60?
5b
In base 12, what is b3 + -6?
a9
In base 9, what is 5 - 134?
-128
In base 10, what is -1448 + 5?
-1443
In base 15, what is -5b - 2?
-5d
In base 16, what is -a6 + 5?
-a1
In base 6, what is -11 - -453?
442
In base 15, what is 7 - -65?
6c
In base 13, what is 315 + -3?
312
In base 4, what is 21 + -11303?
-11222
In base 2, what is -11011 + -10100?
-101111
In base 10, what is 5687 - 1?
5686
In base 9, what is 4 - 3367?
-3363
In base 13, what is -329 + 0?
-329
In base 5, what is 10 + -2230?
-2220
In base 14, what is -6 - -2c?
26
In base 6, what is 44 - -13?
101
In base 13, what is -99 + 8?
-91
In base 5, what is -40 - 1103?
-1143
In base 4, what is 1212 - -1320?
3132
In base 14, what is 4 - 264?
-260
In base 11, what is 23 + 53?
76
In base 4, what is 102 + 3?
111
In base 7, what is 3 + -64?
-61
In base 12, what is 27b + -1?
27a
In base 7, what is 2 - -145?
150
In base 8, what is 13336 - -3?
13341
In base 9, what is 12 + 1360?
1372
In base 16, what is 9 - fd?
-f4
In base 16, what is -4 + 4?
0
In base 10, what is 6 - -161?
167
In base 8, what is 105 - -5?
112
In base 10, what is -18 + -14?
-32
In base 3, what is -1 - -201?
200
In base 3, what is -200 - -1?
-122
In base 14, what is -ba - -4?
-b6
In base 8, what is 230 - -61?
311
In base 15, what is 21 + -8?
18
In base 4, what is 10 + -1223?
-1213
In base 5, what is 20433 - 21?
20412
In base 6, what is 215 + 14?
233
In base 2, what is 1 + 10101?
10110
In base 7, what is 0 - -11366?
11366
In base 8, what is -674 - -2?
-672
In base 13, what is 2 + -1661?
-165c
In base 3, what is 10202 + -1110?
2022
In base 16, what is 5 + -50c?
-507
In base 12, what is -3 - -23a?
237
In base 13, what is -6b - -19?
-52
In base 13, what is 6 - c75?
-c6c
In base 9, what is 1428 - -2?
1431
In base 5, what is 11 + 20?
31
In base 13, what is -81 + 25?
-59
In base 11, what is 0 - 83?
-83
In base 11, what is -3 + -671?
-674
In base 12, what is 4 - -68?
70
In base 7, what is 4242 - 1?
4241
In base 12, what is -61 + -5?
-66
In base 13, what is 13 + -1?
12
In base 8, what is -2 - -22?
20
In base 15, what is -8 + -32?
-3a
In base 7, what is 45 + -10?
35
In base 9, what is -4 + 373?
368
In base 7, what is -143 + 2?
-141
In base 6, what is -1252 - -5?
-1243
In base 2, what is -100 + 1011000?
1010100
In base 3, what is 22022022 + 11?
22022110
In base 11, what is -1 + 117?
116
In base 8, what is 6 - -102?
110
In base 15, what is 11 - -3?
14
In base 2, what is 110001 + 101?
110110
In base 5, what is -31 - 4?
-40
In base 11, what is 12087 - 1?
12086
In base 14, what is 30 + 33?
63
In base 10, what is -4 - -1351?
1347
In base 9, what is -2 + 1885?
1883
In base 14, what is aa + 4?
b0
In base 10, what is -6140 + -5?
-6145
In base 9, what is 2 + 52?
54
In base 3, what is 1011 + 212?
2000
In base 12, what is -2b4 + -3?
-2b7
In base 6, what is 5453 - 1?
5452
In base 2, what is 110000001 - 11?
101111110
In base 15, what is -4 + 562?
55d
In base 7, what is 225 + -4?
221
In base 6, what is -305 - -51?
-214
In base 6, what is 1 + 220?
221
In base 7, what is -10213 + 1?
-10212
In base 2, what is -111 + -1010100?
-1011011
In base 7, what is -4 - 134?
-141
In base 8, what is 464 - -4?
470
In base 13, what is 3 + -2?
1
In base 6, what is -1 - -40?
35
In base 9, what is -7 + 214?
206
In base 9, what is 305 + 12?
317
In base 11, what is -5090 + 3?
-5088
In base 12, what is -2676 - 3?
-2679
In base 7, what is 2264 - 11?
2253
In base 8, what is 31147 + 4?
31153
In base 5, what is -40 + -4330?
-4420
In base 11, what is 7 + -60?
-54
In base 13, what is -a58b - -1?
-a58a
In base 3, what is 111010002 + 0?
111010002
In base 12, what is 4 + 91?
95
In base 15, what is -47 + -3?
-4a
In base 5, what is 321 - 2133?
-1312
In base 11, what is -14 + 11?
-3
In base 16, what is 4 + 29?
2d
In base 12, what is -706 - 4?
-70a
In base 9, what is 534 - 5?
528
In base 12, what is 5 + 101?
106
In base 2, what is 11010001 + 1100?
11011101
In base 7, what is -2 - 55?
-60
In base 15, what is 5 - 6?
-1
In base 14, what is 895 - -1?
896
In base 8, what is 131 - 6?
123
In base 4, what is -20 + -111?
-131
In base 10, what is 365 - -53?
418
In base 7, what is -1 + 14?
13
In base 4, what is -2103 + -2?
-2111
In base 5, what is -10 + 13024?
13014
In base 9, what is -52 + 6?
-45
In base 10, what is 424 - 3?
421
In base 16, what is -1 + -406?
-407
In base 12, what is 61 - -3?
64
In base 15, what is -b - 235?
-241
In base 9, what is 4 - 24?
-20
In base 16, what is -2 + -35?
-37
In base 8, what is 10411 + -2?
10407
In base 13, what is 1c8 - -4?
1cc
In base 10, what is -2081 - 5?
-2086
In base 12, what is -209 + -3?
-210
In base 5, what is -11 + -30?
-41
In base 11, what is -3 - 13a?
-142
In base 9, what is 6 - -271?
277
In base 7, what is 1224 - 0?
1224
In base 5, what is 31 + 111?
142
In base 12, what is -137 + 2?
-135
In base 6, what is 255 - -3?
302
In base 8, what is -70 - -501?
411
In base 7, what is 65 + -323?
-225
In base 15, what is 2 - -1ad?
1b0
In base 10, what is -5 + 375?
370
In base 5, what is -1210 - 10?
-1220
In base 10, what is 0 + 65?
65
In base 14, what is -1 - 21d9?
-21da
In base 15, what is a8 - 17?
91
In base 16, what is -1 - 5c?
-5d
In base 8, what is -41106 - 1